 Let y(h) = 2*h**2 - 9*h + 29. List the prime factors of y(s).
11, 29
Let z(a) = 2*a**3 - 4*a**2 + 3*a + 22. Let j(i) = -3*i - 75. Let w be j(-28). List the prime factors of z(w).
7, 13
Let c = -300 - -296. List the prime factors of ((-1037)/(-34))/((-1)/c).
2, 61
Suppose 6*f = -4*f + 20. Suppose 222 = -k - 2*r, 5*k = k - f*r - 870. Let d = k + 356. List the prime factors of d.
2, 5, 7
Let y = -169 + 844. Let o = 2548 - 2544. Suppose -m + y = o*m. What are the prime factors of m?
3, 5
Let i(q) = -12*q - 21. Let x(f) = -35*f - 62. Let a(b) = 11*i(b) - 4*x(b). Let r be a(-4). What are the prime factors of (429/r)/(2/(-10))?
11, 13
Suppose -3*j + 9 = -6. Suppose 15 - 35 = -j*x. Suppose -5*p = -x*k - 1428, -3*p = -k - 3*k - 860. What are the prime factors of p?
2, 71
Let x be (-11)/(132/(-40))*3. Let o(v) = -2*v + 26. Let y be o(x). List the prime factors of (8/y)/((-14)/(-336)).
2
Let g(p) = -p**3 - 2*p + 64. Let y = 9 - 9. Let c be g(y). Suppose 5*v - 146 = c. List the prime factors of v.
2, 3, 7
Suppose -2345140 = -204*b + 155*b. What are the prime factors of b?
2, 5, 2393
Suppose -993*z + 441051 = -954*z. What are the prime factors of z?
43, 263
Let p(s) = -2*s**2 + 22*s - 18. Let i be p(10). Suppose 4*g - i*g = 38. Suppose 0 = -g*z + 16*z + 243. List the prime factors of z.
3
Let l = -11 - -11. Suppose 0 = -0*x + x, l = -5*o + 5*x + 100. What are the prime factors of 51 - o/15*3?
47
Suppose 3*b - 5*m = 2*b + 23, 3*b = -4*m - 7. Suppose -b*j - 2*o - 4 = -17, -5*j - 5*o = -15. Suppose j*t - 99 - 1028 = 0. List the prime factors of t.
7, 23
What are the prime factors of (-4382376)/(-114) + (-78)/(-741)?
2, 3, 43, 149
Let q(k) = -7*k + 13. Let d = -37 - -31. Let h be q(d). Suppose -191 = -3*a + h. What are the prime factors of a?
2, 41
What are the prime factors of -16 + (16507 - -15) + -9?
3, 13, 47
Let m = -15 + 20. Suppose -m - 5 = -5*z. Suppose -z*d = -76 - 30. List the prime factors of d.
53
Suppose 15*r + 984 + 366 = 0. Let b be (-624)/((-3)/r*2). What are the prime factors of b/(-70) - (-2)/7?
2, 67
What are the prime factors of 5/95 - (9854150/(-190) - -1)?
7, 31, 239
Suppose -35 = 3*p + 2*p. Let f be (-5 - p)*(129 - -2). Let k = f + -123. List the prime factors of k.
139
Let g(j) = 165*j**2 + j + 2. Let m = 112 + -100. Suppose 7*t - 2*t + 2*b + 11 = 0, -3*t - 3*b = m. List the prime factors of g(t).
2, 83
Let c(r) = -r**3 - 6*r**2 + 15*r - 3. Let i be c(-8). Suppose -15*s + i*s = -6340. What are the prime factors of s?
2, 317
Let l = 27 + -17. Suppose -5*v - 1 = 3*a, 4*a + l = -v + 3. What are the prime factors of 8*(v/(1/32) - 0)?
2
Let d = 6547 - -16564. What are the prime factors of d?
11, 191
Let g be 8/(-6)*(-18)/4. Suppose 338 = i + 3*o, -3*o + g*o + 1708 = 5*i. What are the prime factors of i?
11, 31
Suppose -5*x = 5*p - 5, -6*p + p - 16 = -2*x. List the prime factors of (-844)/p - (5 - (8 - -2)).
7, 61
Let p = -490 - -812. Suppose -7*a = -9*a + p. Let y = -76 + a. What are the prime factors of y?
5, 17
Let k be 90/(-225) + (21/5)/3. Suppose 0 = -c + 30 + 92. List the prime factors of (k + -3 + 3)*c.
2, 61
Let v(b) = 23*b**2 + 81*b - 14. List the prime factors of v(7).
2, 3, 5, 7
Let c be 4 - (10/(-25) - 16390/25). What are the prime factors of (129/6)/((-6)/c*-5)?
11, 43
Let x(a) = a - 1. Let h(k) = -112*k + 110. Let s(z) = h(z) + 5*x(z). What are the prime factors of s(-5)?
2, 5
Let x(j) = -2448*j - 126. List the prime factors of x(-3).
2, 3, 401
Suppose -456 = v - 460. Suppose -3*a + 2*a - 3 = 0, 2*z = v*a + 38. List the prime factors of z.
13
Let x = 392 - 119. Suppose x = 307*p - 306*p. What are the prime factors of p?
3, 7, 13
Let b(w) = -12*w - 124. Let a be b(-13). Suppose -a*o = -8907 - 16469. What are the prime factors of o?
13, 61
Let l = 3993 + -3990. Let q be (2 + 4)/(1*2). Suppose 0 = l*r - o - 226, -3*o = -r - q + 81. List the prime factors of r.
3, 5
Let t be -11 + (-5810)/(-14) - (0 + -1). Let r = t - -355. What are the prime factors of r?
2, 5, 19
Let v = -22 + 162. Suppose 3*l = -4*c + v, 0*c + 3*c + 82 = 2*l. Suppose 300 = 4*d + l. List the prime factors of d.
2
Suppose -4*k - 19*g + 17*g + 37852 = 0, -3*g = 4*k - 37856. What are the prime factors of k?
9461
Suppose -22*n + 65 = 43. Let p(x) = -6*x - 1. Let h be p(3). List the prime factors of n + 3/1 - h.
23
Let g = 10746 - 6931. What are the prime factors of g?
5, 7, 109
Let u be -3 - (10/(-2) - 0). Suppose -3*m - 1166 = -m - 4*i, 2*i - 1176 = u*m. Let h = m + 834. What are the prime factors of h?
241
Let c(r) = r + 5. Let a be c(3). Suppose 48 = a*v - 2*v. Suppose -v*y = -0*y - 344. List the prime factors of y.
43
Let u = 5871 - 1711. What are the prime factors of u?
2, 5, 13
Let p = -20412 - -28120. What are the prime factors of p?
2, 41, 47
Suppose -5*j = 5 - 10. Suppose 2 = 3*t - j. List the prime factors of (-12)/(-4) - -70 - (0 + t).
2, 3
Let g = 2070 + -1722. List the prime factors of g.
2, 3, 29
Let u(q) = -q**2 - 3*q - 3. Let t(o) = -o**2 - 2*o - 3. Let g(m) = -2*t(m) + 3*u(m). Let r be g(-3). List the prime factors of -6 + 3 + r + 41 + -2.
3, 13
Suppose 0 = 3*b - 18, -2*o = 2*b - 64820 + 14274. What are the prime factors of o?
11, 2297
Let i(v) = 87*v**3 + 85*v**2 - 4*v + 53. What are the prime factors of i(6)?
21881
Let c(m) = -21*m + 15. Suppose 0 = -3*k - 0*b + b + 18, -4*k + 8 = 4*b. Suppose -k*i = -35 + 55. What are the prime factors of c(i)?
3, 11
Let u(p) = 10*p**2 + 9*p - 72. What are the prime factors of u(6)?
2, 3, 19
Suppose -3*r - 2*r = 5*c - 635, 262 = 2*r + 4*c. Let g = r - -12. List the prime factors of g.
3, 5
Let o = -18 - -24. Let q(l) = 11 - 10*l - o*l + 17*l. List the prime factors of q(19).
2, 3, 5
List the prime factors of 31280/22 + (-15)/(-66)*(-52)/(-65).
2, 3, 79
Suppose 25229 + 38003 = 26*b. Suppose 389 + b = 13*k. What are the prime factors of k?
7, 31
Suppose 44*y - 311322 = -31*y + 35253. List the prime factors of y.
4621
Let z = 9040 - -1664. List the prime factors of z.
2, 3, 223
Let y(b) = -b**2 - 21*b + 5. Let d(v) = v + 11. Let p be d(-6). Suppose 2*t - 24 = 2*j + 4, 0 = 2*j + p*t + 21. List the prime factors of y(j).
109
Let x(i) = 23*i**3 + i**2 + 65*i - 408. What are the prime factors of x(6)?
2, 3, 277
Let n = 3981 + -1453. List the prime factors of n.
2, 79
Suppose 0 = -7*x + 34 + 36. Suppose 4*n + 2*u - 118 - 506 = 0, 0 = -5*u - x. What are the prime factors of n?
157
Suppose 5*n + 34 = -3*m, -4*m = -3*m - 5*n - 2. Let p(h) = -9*h + 13. Let l(k) = -19*k + 28. Let g(j) = -2*l(j) + 5*p(j). List the prime factors of g(m).
5, 13
Suppose -15*f + 552 = 5322. Let u = f - -449. List the prime factors of u.
131
Suppose 0 = -33*g + 519953 + 161817 + 210418. List the prime factors of g.
2, 3, 751
Let j = -90 + 105. Suppose u - 15 = -j. Suppose 319 = 11*k - u*k. What are the prime factors of k?
29
Let t(w) = w**3 + 54*w**2 - 105*w + 397. List the prime factors of t(-48).
11, 17, 103
Let u(l) = -4*l + 2*l + 8*l**2 + 3*l**2 + 8*l**2. Let g be u(-2). Suppose -g = -22*m + 21*m. What are the prime factors of m?
2, 5
Suppose 10*h + 942 = 11*h + 4*t, 1840 = 2*h - 3*t. List the prime factors of h.
2, 463
Suppose 10*o = 463 + 987. What are the prime factors of 1251/5 + (-29)/o?
2, 5
Let h = 97646 + -37911. List the prime factors of h.
5, 13, 919
Suppose -41*i = -42*i. Let x be -8 + 5 - i/(-2). What are the prime factors of (-2 - 8/x) + 500/6?
2, 3, 7
Suppose 3*k + 6 = 6*k. Let g(p) = 3*p**2 + 4*p + 1. Let c be g(k). What are the prime factors of (-2)/(-6) - (-3311)/c?
2, 79
Let z = 9453 + -6201. List the prime factors of z/15 - 3*2/(-30).
7, 31
List the prime factors of 152/(-836) - (-1718296)/44.
2, 13, 751
Let t = -16 - -4. Let x = -2028 - -1976. Let o = t - x. What are the prime factors of o?
2, 5
Let y be (3*-2)/((-60)/1590). Suppose 7*g - 3*g = -56. Let n = y - g. List the prime factors of n.
173
Suppose -4*r + 1742 = -246. What are the prime factors of r?
7, 71
Let u be (-471)/(-9) + 2/3. Let b(m) = -m**3 + 42*m**2 + 44*m + 7. Let y be b(43). Let l = u - y. What are the prime factors of l?
3
Let a = 678 - 678. Suppose 6*h + 18*h - 32520 = a. List the prime factors of h.
5, 271
Let j(z) = -239*z + 11. Let g be j(7). Let o be (3/(-9))/(1/g*2). Suppose 0 = 3*u - o - 167. What are the prime factors of u?
2, 37
Suppose -2*w